d by 28.
26
Suppose 0 = -3*s - 521 + 677. Calculate the remainder when 144 is divided by s.
40
Let i(w) = -12*w - 3. Let d(a) = -15*a - 4. Let l be d(-3). Suppose m + 5*b = l, 0*b = 2*b + 8. Calculate the remainder when m is divided by i(-2).
19
Suppose 4*d + 8 = 0, 5*d - 9 - 11 = -3*h. What is the remainder when 299 is divided by h?
9
Suppose -3*x + 8*x - 245 = -b, 98 = 2*x - 4*b. Let k = x + -29. Suppose 0 = -13*s + s + 444. Calculate the remainder when s is divided by k.
17
Let f = -2 - -7. Suppose -3 = -2*s - n + f, 2*n = -5*s + 20. Suppose -s*j = -9 - 7, -5*z - j + 104 = 0. Calculate the remainder when z is divided by 11.
9
Suppose -94 = -5*a + 86. Let z = -120 - -133. What is the remainder when a is divided by z?
10
Let i = 68 + 6. Let l = -53 + i. Suppose 0 = -6*s + 9*s - 246. What is the remainder when s is divided by l?
19
Let o = 1 + 18. What is the remainder when (-4)/28 + (-2382)/(-14) is divided by o?
18
Suppose 2*p - 767 = 93. Suppose -13*t - p = -18*t. Calculate the remainder when t is divided by 29.
28
Let z(u) = -4*u**3 + 2*u**2 + u. Let w be z(-1). Suppose w*l - 73 = -3. Calculate the remainder when 67 is divided by l.
11
Let b be (4/(-6))/((-1)/6). Suppose 2*x = b*l + 36, -2 = 2*l - l. Calculate the remainder when ((-1)/(-2))/(2/104) is divided by x.
12
Suppose 54*t - 442 = 20*t. Calculate the remainder when 56 is divided by t.
4
Let j = 800 - 758. Calculate the remainder when j is divided by 22.
20
Let v = -11 + 16. Let y be 99/6 + 2/(-4). Suppose -3*q - y = -5*q. What is the remainder when q is divided by v?
3
Let o be -2*(0 + -1*(2 - 1)). Let y = o + 33. Calculate the remainder when 68 is divided by y.
33
Let v(q) = -q**3 - 2*q**2 - 10*q. Let c be v(-5). Let m = -46 + c. What is the remainder when m is divided by 42?
37
Suppose n + 71 = 3*k, -k + 3*n + 10 + 19 = 0. Suppose 4*v = k - 3. Suppose -2*x - 5*d = -11, 0*d + 5 = x + 2*d. What is the remainder when v is divided by x?
2
Let j = -39 + 51. Calculate the remainder when 39 is divided by j.
3
Let p be (66/9)/((-6)/(-9)). Suppose -u - 1 = -p. Suppose -2*w - 16 = -74. What is the remainder when w is divided by u?
9
Suppose 0 = 2*p - 4*p + 10. Let y be (3 - 1) + -9 - -1. Calculate the remainder when 8/5*(-45)/y is divided by p.
2
Let t = 1 + 6. Let p be 3 + 4/(-8)*-14. Suppose 2*v - p = -0. What is the remainder when t is divided by v?
2
Let y(v) = -v**3 + 8*v**2 - 9*v + 189. Calculate the remainder when y(9) is divided by 12.
3
Suppose g + 13 = 5. Let f = g + 21. Calculate the remainder when 62 is divided by f.
10
Let v = -3 + 4. Let d = 3 - v. Calculate the remainder when d is divided by (27/6 + -4)*4.
0
Let j(s) = -s**2 - 10*s + 44. What is the remainder when 230 is divided by j(-8)?
50
Suppose 4*j - 8 - 12 = 0. Suppose -j*b = -10, -6*b + b = a - 30. Let x = -11 - -49. Calculate the remainder when x is divided by a.
18
Let j = 0 + 3. Let x(y) = 5*y**2 + y - 8. Let v(m) = 2*m**2 + m - 4. Let q(c) = -7*v(c) + 3*x(c). What is the remainder when q(j) is divided by 1?
0
Suppose 3*s = -c - c - 27, -66 = 3*c - 4*s. Let b(r) = r**2 + 19*r + 27. What is the remainder when 22 is divided by b(c)?
4
Suppose -5*h + 11*h = 1860. Calculate the remainder when h is divided by 78.
76
Let w be (-5)/(-15) + 1/((-3)/25). What is the remainder when ((w/(-3))/2)/((-28)/(-126)) is divided by 1?
0
Suppose -44*w + 57 = -41*w. Calculate the remainder when 94 is divided by w.
18
Suppose -8*d - 129 = -11*d. Let i = -31 + d. Calculate the remainder when 2 + 3/((-3)/(-20)) is divided by i.
10
Let q = 15 - 13. Let x(b) = -7*b**2 + b**3 - 2 + 2*b + 0*b**q + b**2. Calculate the remainder when x(6) is divided by 4.
2
Let u(a) = -a**2 - 8*a + 20. Let w be u(-10). Suppose 40 = -w*i + 4*i. Calculate the remainder when 39 is divided by i.
9
Let v = 89 + -60. Let r be (1 - -1) + (18 + 0)/3. Let h(k) = 5*k - 30. What is the remainder when v is divided by h(r)?
9
Suppose 0 = -4*l - 2*f + 30, -l + 30*f = 32*f - 3. Calculate the remainder when 1456 is divided by l.
7
Let y = 57 - 28. Let j = y - 25. What is the remainder when 12 is divided by 1 + 16/j + 0?
2
Suppose 0 = -18*g + 4060 + 3212. Calculate the remainder when g is divided by 29.
27
Let h(m) = m**3 + 12*m**2 - 14*m - 10. Let i(y) = -y**2 + 12*y + 15. Let x be i(14). Calculate the remainder when 7 is divided by h(x).
1
Suppose 4*c = c + 2106. Calculate the remainder when c is divided by 64.
62
What is the remainder when 600 is divided by (16/(-4) + 1)*(-268)/12?
64
Suppose 3*z - 5*k - 54 = 0, 2*k + 8 = z - 9. Suppose -2*s + 68 = -l, 5*s + 2 = 3*l + 170. What is the remainder when s is divided by z?
13
Calculate the remainder when 271 is divided by (240/(-50))/(-3*1/10).
15
Let n(g) = 4*g**2 + 2*g + 19. Suppose 0 = -3*u - 4*k, -4*u = 2*k + 8 + 2. What is the remainder when n(u) is divided by 19?
18
Let x = 639 - 616. Calculate the remainder when 2573 is divided by x.
20
Suppose -45*d = -231 - 129. Calculate the remainder when 11 is divided by d.
3
Let d(v) = -v**2 - 12*v - 1. Let y be d(-16). Let w be (-10)/y + (-112)/52. What is the remainder when 66 is divided by 23*(2 - w)/4?
20
Suppose 0 = 2*v + 8, -52*p + 2*v + 264 = -50*p. What is the remainder when p is divided by 44 + 0 - 0/(-2)?
40
Let y(n) = n**3 + n**2 - 19*n + 264. What is the remainder when y(0) is divided by 16?
8
Let v = 11 - 17. Let l(g) = -2*g**3 - 12*g**2 - 10*g - 13. Calculate the remainder when l(v) is divided by 17.
13
Calculate the remainder when (30/(-5) - -17)*4 is divided by 12.
8
Suppose 2*w + 3*m + 43 - 171 = 0, 2*m - 126 = -2*w. Let x = w - 42. What is the remainder when x is divided by (14/3 - 3)*3?
4
What is the remainder when 384 is divided by 1710/50 - ((-4)/(-5))/(-1)?
34
Let v = 54 + 114. What is the remainder when v is divided by 17?
15
Suppose 5*o + 2*s - 92 = 0, -6*o + 16 = -5*o + s. Calculate the remainder when 46 is divided by o.
6
Suppose 4*p + 4*a = -a + 92, 2*p - 40 = -4*a. Let l be p/(-42) - 112/3. Let q = l + 56. Calculate the remainder when 52 is divided by q.
16
Suppose -7*i = -250 - 128. Suppose -5*y + m = -102, 0 = 5*y - 5*m - 60 - 50. Calculate the remainder when i is divided by y.
14
Let u(o) = -o**3 - 15*o**2 - 14*o + 10. Suppose -21*d + 10*d - 154 = 0. Calculate the remainder when 67 is divided by u(d).
7
Let i(f) = 4*f - 24. Suppose 2*w = w + 10. Calculate the remainder when i(w) is divided by 7.
2
Let g = 33 + -17. Let d(v) = 9*v - 4. Let s be d(4). Let y = -23 + s. Calculate the remainder when g is divided by y.
7
Suppose 4*d + 38 = -14. Let g = d - -30. Calculate the remainder when (-1)/(-21) + 92752/1428 is divided by g.
14
What is the remainder when 32/(-176) + (1 - 3801/(-33)) is divided by 44?
28
Let t be (-1 + -309)*(-20)/50. Suppose 5*v - 290 = -0*v + z, -2*z = -2*v + t. Suppose 5*n - 143 = -43. Calculate the remainder when v is divided by n.
17
Let v(w) be the third derivative of w**4/8 - 11*w**3/6 + 4*w**2. What is the remainder when v(11) is divided by (-1 + 3)/(5/30)?
10
Let d(z) be the third derivative of -23*z**4/24 + 3*z**3/2 + 7*z**2. Calculate the remainder when d(-1) is divided by 15.
2
Let y = 2 + 1. Suppose 125 = 3*g + 92. Calculate the remainder when g is divided by y.
2
Suppose 9*f - 240 = -6*f. What is the remainder when 25 is divided by f?
9
Let l(w) = w - 3. Let s be l(-6). What is the remainder when 1 - 3*(0 + -6) is divided by 20/3*s/(-6)?
9
Let o = -6 + 18. Calculate the remainder when 127 is divided by (o/36)/(2/192).
31
Let m(x) = x**3 + 149. Let r be m(0). Suppose -82 = -2*b - 4*c, 4*b + 4*c - c - r = 0. What is the remainder when b is divided by 18?
17
Suppose 10*s = 4*s + 192. Suppose -5*v = -10*v + 470. What is the remainder when v is divided by s?
30
Suppose 55 = -30*p + 175. Calculate the remainder when 21 is divided by p.
1
Suppose -66 = -4*p - 0*p - 2*a, -a = 4*p - 65. What is the remainder when 14355/232 - (-2)/p is divided by 22?
18
Suppose -5*d + 2*d = 0. Suppose -2*v - 8 = d, y + 4*v - 4 = 3*v. Let s(w) = w**2 + 9*w - 50. What is the remainder when y is divided by s(4)?
0
Let l(y) = y**2 + 13*y + 32. Let a be l(-6). Let j = a - -16. What is the remainder when 28 is divided by j?
4
Suppose -2*m + 3*w = -43, 2*m + 14 = -2*w + 42. What is the remainder when ((-2)/(-5))/(18491/2310 + -8) is divided by m?
16
Let